{"id":7968,"date":"2020-04-11T08:36:29","date_gmt":"2020-04-11T08:36:29","guid":{"rendered":"https:\/\/www.gavias-theme.com\/wp\/indutri\/?page_id=7968"},"modified":"2022-02-01T18:24:17","modified_gmt":"2022-02-01T21:24:17","slug":"news","status":"publish","type":"page","link":"http:\/\/3.93.175.128\/?page_id=7968","title":{"rendered":"Blog"},"content":{"rendered":"\t\t<div data-elementor-type=\"wp-page\" data-elementor-id=\"7968\" class=\"elementor elementor-7968\">\n\t\t\t\t\t\t\t\t\t<section class=\"elementor-section elementor-top-section elementor-element elementor-element-adc65de elementor-section-boxed elementor-section-height-default elementor-section-height-default\" data-id=\"adc65de\" data-element_type=\"section\">\n\t\t\t\t\t\t<div class=\"elementor-container elementor-column-gap-default\">\n\t\t\t\t\t<div class=\"elementor-column elementor-col-100 elementor-top-column elementor-element elementor-element-474e27b top column-style-top\" data-id=\"474e27b\" data-element_type=\"column\">\n\t\t\t<div class=\"elementor-widget-wrap elementor-element-populated\">\n\t\t\t\t\t\t\t\t<div class=\"elementor-element elementor-element-6497b95 elementor-widget elementor-widget-gva-heading-block\" data-id=\"6497b95\" data-element_type=\"widget\" data-widget_type=\"gva-heading-block.default\">\n\t\t\t\t<div class=\"elementor-widget-container\">\n\t\t\t<div class=\"gva-element-gva-heading-block gva-element\">   <div class=\"align-center style-1 widget gsc-heading box-align-left\">\r\n      <div class=\"content-inner\">\r\n         \r\n                  \r\n           \r\n         \r\n                     <h2 class=\"title\">\r\n               <span>News &amp; Blog<\/span>\r\n            <\/h2>\r\n                  \r\n         \r\n      <\/div>\r\n   <\/div>\r\n   <div class=\"clearfix\"><\/div>\r\n<\/div>\t\t<\/div>\n\t\t\t\t<\/div>\n\t\t\t\t<div class=\"elementor-element elementor-element-a83bab2 elementor-widget elementor-widget-gva-posts\" data-id=\"a83bab2\" data-element_type=\"widget\" data-widget_type=\"gva-posts.default\">\n\t\t\t\t<div class=\"elementor-widget-container\">\n\t\t\t<div class=\"gva-element-gva-posts gva-element\">  \r\n  <div class=\"gva-posts-grid clearfix gva-posts\">\r\n      <div class=\"gva-content-items\"> \r\n        <div class=\"lg-block-grid-3 md-block-grid-3 sm-block-grid-2 xs-block-grid-1 xx-block-grid-1\">\r\n          \r\n<div class=\"all logistica logistica-eficiente logistica-flexivel transporte-de-cargas transraios  item-columns\">\r\n   <article id=\"post-12673\" class=\"post-12673 post type-post status-publish format-standard has-post-thumbnail hentry category-logistica category-logistica-eficiente category-logistica-flexivel category-transporte-de-cargas category-transraios\">\r\n      <div class=\"post-block post-style-1\">\r\n         <div class=\"post-thumbnail\">\r\n            <a href=\"http:\/\/3.93.175.128\/?p=12673\">\r\n               <img width=\"600\" height=\"455\" src=\"http:\/\/3.93.175.128\/wp-content\/uploads\/2022\/03\/Pauta-Como-a-logi\u0301stica-se-tornou-a-a\u0301rea-mais-importante-de-qualquer-empresa--600x455.png\" class=\"attachment-post-thumbnail size-post-thumbnail wp-post-image\" alt=\"Como a log\u00edstica se tornou a \u00e1rea mais importante de qualquer empresa?\" loading=\"lazy\" \/>            <\/a>   \r\n         <\/div>   \r\n\r\n         <div class=\"entry-content\">\r\n            <div class=\"content-inner\">\r\n               <div class=\"entry-meta\">\r\n                  \r\n    <div class=\"meta-inline\"><span class=\"entry-date\">mar\u00e7o 22, 2022<\/span><span class=\"line\">-<\/span><span class=\"post-comment\">0 comments<\/span><\/div>               <\/div> \r\n               <h2 class=\"entry-title\"><a href=\"http:\/\/3.93.175.128\/?p=12673\" rel=\"bookmark\">Como a log\u00edstica se tornou a \u00e1rea mais importante de qualquer empresa?<\/a><\/h2>\r\n            <\/div>\r\n         <\/div>\r\n      <\/div>   \r\n   <\/article>   \r\n<\/div>\r\n\r\n  \r\n<div class=\"all carga-fracionada logistica transraios  item-columns\">\r\n   <article id=\"post-12666\" class=\"post-12666 post type-post status-publish format-standard has-post-thumbnail hentry category-carga-fracionada category-logistica category-transraios\">\r\n      <div class=\"post-block post-style-1\">\r\n         <div class=\"post-thumbnail\">\r\n            <a href=\"http:\/\/3.93.175.128\/?p=12666\">\r\n               <img width=\"600\" height=\"455\" src=\"http:\/\/3.93.175.128\/wp-content\/uploads\/2022\/03\/Agosto-que-muda-na-logi\u0301stica-de-cargas-fracionadas--600x455.png\" class=\"attachment-post-thumbnail size-post-thumbnail wp-post-image\" alt=\"O que muda na log\u00edstica de cargas fracionadas?\" loading=\"lazy\" \/>            <\/a>   \r\n         <\/div>   \r\n\r\n         <div class=\"entry-content\">\r\n            <div class=\"content-inner\">\r\n               <div class=\"entry-meta\">\r\n                  \r\n    <div class=\"meta-inline\"><span class=\"entry-date\">mar\u00e7o 18, 2022<\/span><span class=\"line\">-<\/span><span class=\"post-comment\">0 comments<\/span><\/div>               <\/div> \r\n               <h2 class=\"entry-title\"><a href=\"http:\/\/3.93.175.128\/?p=12666\" rel=\"bookmark\">O que muda na log\u00edstica de cargas fracionadas?<\/a><\/h2>\r\n            <\/div>\r\n         <\/div>\r\n      <\/div>   \r\n   <\/article>   \r\n<\/div>\r\n\r\n  \r\n<div class=\"all logistica-eficiente transporte-de-cargas transraios  item-columns\">\r\n   <article id=\"post-12663\" class=\"post-12663 post type-post status-publish format-standard has-post-thumbnail hentry category-logistica-eficiente category-transporte-de-cargas category-transraios tag-logistica-eficiente tag-transraios\">\r\n      <div class=\"post-block post-style-1\">\r\n         <div class=\"post-thumbnail\">\r\n            <a href=\"http:\/\/3.93.175.128\/?p=12663\">\r\n               <img width=\"600\" height=\"455\" src=\"http:\/\/3.93.175.128\/wp-content\/uploads\/2022\/03\/Julho-Como-o-processo-de-logi\u0301stica-pode-se-tornar-mais-eficiente--600x455.png\" class=\"attachment-post-thumbnail size-post-thumbnail wp-post-image\" alt=\"Como o processo de log\u00edstica pode se tornar mais eficiente?\" loading=\"lazy\" \/>            <\/a>   \r\n         <\/div>   \r\n\r\n         <div class=\"entry-content\">\r\n            <div class=\"content-inner\">\r\n               <div class=\"entry-meta\">\r\n                  \r\n    <div class=\"meta-inline\"><span class=\"entry-date\">mar\u00e7o 18, 2022<\/span><span class=\"line\">-<\/span><span class=\"post-comment\">0 comments<\/span><\/div>               <\/div> \r\n               <h2 class=\"entry-title\"><a href=\"http:\/\/3.93.175.128\/?p=12663\" rel=\"bookmark\">Como o processo de log\u00edstica pode se tornar mais eficiente?<\/a><\/h2>\r\n            <\/div>\r\n         <\/div>\r\n      <\/div>   \r\n   <\/article>   \r\n<\/div>\r\n\r\n  \r\n<div class=\"all logistica  item-columns\">\r\n   <article id=\"post-12656\" class=\"post-12656 post type-post status-publish format-standard has-post-thumbnail hentry category-logistica tag-logistica\">\r\n      <div class=\"post-block post-style-1\">\r\n         <div class=\"post-thumbnail\">\r\n            <a href=\"http:\/\/3.93.175.128\/?p=12656\">\r\n               <img width=\"600\" height=\"455\" src=\"http:\/\/3.93.175.128\/wp-content\/uploads\/2022\/03\/Maio-Saiba-como-pensar-a-logi\u0301stica-da-sua-empresa--600x455.png\" class=\"attachment-post-thumbnail size-post-thumbnail wp-post-image\" alt=\"Saiba como pensar a log\u00edstica da sua empresa\" loading=\"lazy\" \/>            <\/a>   \r\n         <\/div>   \r\n\r\n         <div class=\"entry-content\">\r\n            <div class=\"content-inner\">\r\n               <div class=\"entry-meta\">\r\n                  \r\n    <div class=\"meta-inline\"><span class=\"entry-date\">mar\u00e7o 18, 2022<\/span><span class=\"line\">-<\/span><span class=\"post-comment\">0 comments<\/span><\/div>               <\/div> \r\n               <h2 class=\"entry-title\"><a href=\"http:\/\/3.93.175.128\/?p=12656\" rel=\"bookmark\">Saiba como pensar a log\u00edstica da sua empresa<\/a><\/h2>\r\n            <\/div>\r\n         <\/div>\r\n      <\/div>   \r\n   <\/article>   \r\n<\/div>\r\n\r\n  \r\n<div class=\"all logistica-compartilhada logistica-flexivel  item-columns\">\r\n   <article id=\"post-12659\" class=\"post-12659 post type-post status-publish format-standard has-post-thumbnail hentry category-logistica-compartilhada category-logistica-flexivel tag-logistica-compartilhada\">\r\n      <div class=\"post-block post-style-1\">\r\n         <div class=\"post-thumbnail\">\r\n            <a href=\"http:\/\/3.93.175.128\/?p=12659\">\r\n               <img width=\"600\" height=\"455\" src=\"http:\/\/3.93.175.128\/wp-content\/uploads\/2022\/03\/Junho-O-que-e\u0301-e-como-adotar-a-logi\u0301stica-compartilhada--600x455.png\" class=\"attachment-post-thumbnail size-post-thumbnail wp-post-image\" alt=\"O que \u00e9 e como adotar a log\u00edstica compartilhada\" loading=\"lazy\" \/>            <\/a>   \r\n         <\/div>   \r\n\r\n         <div class=\"entry-content\">\r\n            <div class=\"content-inner\">\r\n               <div class=\"entry-meta\">\r\n                  \r\n    <div class=\"meta-inline\"><span class=\"entry-date\">mar\u00e7o 18, 2022<\/span><span class=\"line\">-<\/span><span class=\"post-comment\">0 comments<\/span><\/div>               <\/div> \r\n               <h2 class=\"entry-title\"><a href=\"http:\/\/3.93.175.128\/?p=12659\" rel=\"bookmark\">O que \u00e9 e como adotar a log\u00edstica compartilhada<\/a><\/h2>\r\n            <\/div>\r\n         <\/div>\r\n      <\/div>   \r\n   <\/article>   \r\n<\/div>\r\n\r\n  \r\n<div class=\"all logistica-flexivel  item-columns\">\r\n   <article id=\"post-12571\" class=\"post-12571 post type-post status-publish format-standard has-post-thumbnail hentry category-logistica-flexivel tag-logistica-flexivel\">\r\n      <div class=\"post-block post-style-1\">\r\n         <div class=\"post-thumbnail\">\r\n            <a href=\"http:\/\/3.93.175.128\/?p=12571\">\r\n               <img width=\"600\" height=\"455\" src=\"http:\/\/3.93.175.128\/wp-content\/uploads\/2022\/02\/15_BLOG_FEV_5_BENEFICIOS-1-600x455.png\" class=\"attachment-post-thumbnail size-post-thumbnail wp-post-image\" alt=\"O que \u00e9 log\u00edstica flex\u00edvel e quais os benef\u00edcios em usar na sua empresa\ufffc\" loading=\"lazy\" \/>            <\/a>   \r\n         <\/div>   \r\n\r\n         <div class=\"entry-content\">\r\n            <div class=\"content-inner\">\r\n               <div class=\"entry-meta\">\r\n                  \r\n    <div class=\"meta-inline\"><span class=\"entry-date\">fevereiro 17, 2022<\/span><span class=\"line\">-<\/span><span class=\"post-comment\">0 comments<\/span><\/div>               <\/div> \r\n               <h2 class=\"entry-title\"><a href=\"http:\/\/3.93.175.128\/?p=12571\" rel=\"bookmark\">O que \u00e9 log\u00edstica flex\u00edvel e quais os benef\u00edcios em usar na sua empresa\ufffc<\/a><\/h2>\r\n            <\/div>\r\n         <\/div>\r\n      <\/div>   \r\n   <\/article>   \r\n<\/div>\r\n\r\n          <\/div>\r\n      <\/div>\r\n                <div class=\"pagination\">\r\n                        <\/div>\r\n        <\/div>\r\n  <\/div>\t\t<\/div>\n\t\t\t\t<\/div>\n\t\t\t\t\t<\/div>\n\t\t<\/div>\n\t\t\t\t\t\t\t<\/div>\n\t\t<\/section>\n\t\t\t\t\t\t\t<\/div>\n\t\t","protected":false},"excerpt":{"rendered":"<p>News &amp; Blog janeiro 3, 2016-1 comment We Believe in Building Long Lasting our Business Relationships janeiro 3, 2016-0 comments Digital technology internships a win for students and businesses janeiro 3, 2016-0 comments How nations around the world are investing in robotics research janeiro 3, 2016-0 comments Strategy launched to help increase industrial automation in [&hellip;]<\/p>\n","protected":false},"author":1,"featured_media":0,"parent":0,"menu_order":0,"comment_status":"closed","ping_status":"closed","template":"","meta":{"content-type":"","inline_featured_image":false},"_links":{"self":[{"href":"http:\/\/3.93.175.128\/index.php?rest_route=\/wp\/v2\/pages\/7968"}],"collection":[{"href":"http:\/\/3.93.175.128\/index.php?rest_route=\/wp\/v2\/pages"}],"about":[{"href":"http:\/\/3.93.175.128\/index.php?rest_route=\/wp\/v2\/types\/page"}],"author":[{"embeddable":true,"href":"http:\/\/3.93.175.128\/index.php?rest_route=\/wp\/v2\/users\/1"}],"replies":[{"embeddable":true,"href":"http:\/\/3.93.175.128\/index.php?rest_route=%2Fwp%2Fv2%2Fcomments&post=7968"}],"version-history":[{"count":11,"href":"http:\/\/3.93.175.128\/index.php?rest_route=\/wp\/v2\/pages\/7968\/revisions"}],"predecessor-version":[{"id":11599,"href":"http:\/\/3.93.175.128\/index.php?rest_route=\/wp\/v2\/pages\/7968\/revisions\/11599"}],"wp:attachment":[{"href":"http:\/\/3.93.175.128\/index.php?rest_route=%2Fwp%2Fv2%2Fmedia&parent=7968"}],"curies":[{"name":"wp","href":"https:\/\/api.w.org\/{rel}","templated":true}]}}